ive n(c).
-4
Let k(s) = s**2 + s + 1. Let o(x) = -x**3 + 5*x + 2. Let j(i) = -2*k(i) + o(i). Let m = 1651 + -1649. Calculate j(m).
-10
Let l(u) be the third derivative of -107*u**4/24 + 319*u**3/3 + 810*u**2 + 2. What is l(6)?
-4
Suppose 3*o + 3*m + 151 = 79, -3*m = -2*o - 18. Let l(j) = -j**3 - 18*j**2 - 3*j - 45. Give l(o).
9
Let q(v) be the second derivative of v**3/3 + v**2/2 + 5*v. Suppose 4*z + 6 = 3*f, 152 - 154 = -f + 5*z. Give q(f).
5
Let g = 4 - 9. Let f(p) be the third derivative of p**5/60 + p**4/4 + p**3 + 24*p**2 + 23*p - 1. Determine f(g).
1
Let o(b) = -1004*b + 185 + 789*b + 248*b. Give o(-6).
-13
Let a(g) = -4*g**3 + g**2 - 3*g + 7. Let y(l) = -l**2 + 61*l - 115. Let p be y(2). Give a(p).
-101
Suppose 12*u = 22 + 26. Let d(g) = -7*g**2 - 6 + u - g**3 + 3 + 4*g**2. What is d(-1)?
-1
Let m(f) = 16*f + 23. Let x be m(2). Let t be (x/10)/11*-2. Let n(r) = r**2 + r. Determine n(t).
0
Let n = -9 + 5. Let m(d) = 3*d - 13. Let y(s) = 8*s - 37. Let k = 348 - 359. Let p(b) = k*m(b) + 4*y(b). Determine p(n).
-1
Let o(a) be the third derivative of -a**7/840 + a**6/72 + a**5/60 - a**4/6 - 43*a**3/6 - a**2 + 1. Let r(d) be the first derivative of o(d). Give r(5).
6
Let c(g) be the second derivative of g**5/20 + g**3/6 - 8410*g. Suppose -3*p + 0*p + 4*u + 6 = 0, 0 = 5*p + u + 13. Determine c(p).
-10
Let u(w) = w**3 - 10*w**2 - 11*w + 9. Let y be u(11). Let t(o) = o**3 - 9*o**2 - 4*o + 4. What is t(y)?
-32
Let m(w) be the first derivative of w**3/3 + 4*w**2 + 3*w + 3429. Give m(-9).
12
Let r(x) be the second derivative of -x**5/20 - 5*x**4/3 + 11*x**3/3 + 35*x**2/2 + 4071*x - 2. Give r(-21).
14
Let g(s) be the second derivative of s**3/6 - 35*s**2/2 + 1590*s. What is g(15)?
-20
Let h(c) = c**2 - 7. Let w be h(6). Let s = 30 - w. Let o(g) = -9*g**3 + 3*g + 25*g**3 - 2*g + s - 10*g**3. Calculate o(-1).
-6
Let h(w) = w - 13. Let r = 212 - 203. Let d be r/6*(-120)/(-18). Give h(d).
-3
Let n = 15 - 20. Let t(x) = x**3 + 4*x**2 - 4*x + 4. Let p be t(n). Let m(r) be the second derivative of 2*r**3/3 - r**2/2 - 1734*r. Calculate m(p).
-5
Let y be -1 + -2 - (-30)/5. Suppose 5*m = -2*n + 20, -4*n + y*n = -5*m + 20. Let h(z) = 6*z - z**2 - m*z + 5*z**2 - 3*z**2. What is h(-4)?
8
Let f(m) = 5*m - 31. Let i be f(7). Suppose i*l = 5*d + 14, 7 + 3 = 5*d. Let w(c) = -2*c + 3. Calculate w(l).
-9
Let k(o) = 8*o**2 + 14*o + 1. Let v be k(-6). Let j = -213 + v. Let d(h) = h + 14. Calculate d(j).
6
Suppose 0 = 5*d - 16 - 14. Let w(y) = 15*y**2 + y + 1. Let n(z) = -8*z**2 - 1. Let s(t) = d*w(t) + 11*n(t). Suppose -51 + 181 = -26*f. Determine s(f).
15
Let l(s) = -s**3 + 5*s**2 + 11. Suppose -128*a + 29*a + 8 = -388. Determine l(a).
27
Let x(m) be the second derivative of -45*m - 1/2*m**2 - 1/12*m**4 + 0 - 4/3*m**3. Determine x(-8).
-1
Let w(u) be the first derivative of -1/6*u**4 + 21/2*u**2 + 0*u - 16 - 1/6*u**3. Let x(h) be the second derivative of w(h). What is x(3)?
-13
Let k be ((-6)/15)/(3/(-15)). Let q(c) = -c**3 + 4*c - 12*c**2 + 21*c**2 + 0*c**3 - 13*c**k + 3. Let a = -1246 + 1241. Calculate q(a).
8
Suppose -5 = 5*o + m - 3, -m - 1 = 4*o. Let p be (-7 - -15)/(1 - o). Suppose 4*l - p*v = -l + 14, -3*l = -4*v - 2. Let y(i) = 2*i - 9. Give y(l).
3
Let h = -1323 + 1342. Let u(k) = 3*k - 52. Determine u(h).
5
Suppose r - 21*r = -500. Let c be r/((-125)/(-30)) + -5. Let w(l) = -l + 1. What is w(c)?
0
Let k = 39 + -35. Suppose -z + k = z. Let h(x) = -6*x + z*x**3 - 8 - 3*x**3 + 49*x**2 - 3*x - 56*x**2. Calculate h(-6).
10
Let z(l) = l**2 - 3*l + 3. Let v be z(3). Let w = -440 + 441. Let g(a) = 13 - 9 - a - w + 0*a. Calculate g(v).
0
Let g = 40 - 37. Let u be 119/42 - g/(-18). Suppose -26 = -u*y + 2*c, -23 = -3*y - c - 0*c. Let h(k) = 2*k - 10. What is h(y)?
6
Suppose -477 = 14*f - 113. Let o(c) = -c**2 - 29*c - 81. Determine o(f).
-3
Let w(r) be the first derivative of 5*r**4/4 + r**3/3 + r**2/2 + 1. Let a be (-17)/11 - (328/(-440) + (-2)/(-10)). Determine w(a).
-5
Suppose -384*x = -392*x - 72. Let m(d) = d + 9. Let z(k) = k - 7. Let u(c) = 5*c - 27. Let p(g) = 2*u(g) - 9*z(g). Let t(y) = -5*m(y) + 6*p(y). What is t(x)?
0
Let p(c) = -c**3 + 7*c**2 - c + 15. Let h be 22 - 21 - (-12 - 1) - 7. What is p(h)?
8
Let u(g) = -2*g**3 - 4*g**2 - 48*g + 21. Let i(n) = n**3 + 2*n**2 + 29*n - 10. Let x(o) = 5*i(o) + 3*u(o). Determine x(0).
13
Let z(l) be the second derivative of -l**5/20 - l**4/2 - l**3/6 + 4*l**2 + 2*l + 1834. Suppose 4*d + 2*y = -y - 39, 0 = -2*d + 3*y + 3. Calculate z(d).
14
Let i(w) = w**3 + 19*w**2 + 31*w + 235. Let x be i(-18). Let b(r) = -6*r**2 - r. Give b(x).
-7
Let u(k) be the second derivative of k**6/240 + 19*k**5/120 - 143*k**4/12 - k**3/6 + 118*k. Let b(p) be the third derivative of u(p). Give b(-10).
-11
Let o = 381 + -379. Let t(k) = -44 + 3*k + 46 + o*k**2 + 0*k + 2*k. Determine t(-4).
14
Let v(m) = 2*m**2 - 6*m + 10. Let l be v(4). Let g be ((l/30)/(2/60))/(-2). Let d(a) = -a**2 - 12*a - 10. What is d(g)?
17
Let o = 32 + -37. Suppose 2*p - 4 = 6. Let g(y) = 4*y**2 - 11*y**2 + 4 - y**3 + y**2 - p*y. Give g(o).
4
Let z be (-3)/8*-2*56/21. Let g(y) be the second derivative of -y**5/20 + y**4/4 - y**3/2 + y**2 + 4*y. Calculate g(z).
0
Let n(k) = -5*k + 5. Let r be (-9)/(-12) - (-442)/104. Suppose -r*m = -5*i + 5, m + i = 60 - 51. Give n(m).
-15
Let v(t) = -2 - t**3 + t + 4 - t**2 - 5 + 4. Let d(z) = -2*z - 1. Let i = 1 + -1. Let l be d(i). Give v(l).
0
Let l(c) = -112834*c**2 - 8*c + 112828*c**2 + 63*c**3 - 62*c**3 - 9*c. Let j(b) = b**2 - 2*b. Let g be j(4). What is l(g)?
-8
Let z(o) = -236*o + 111*o - 11 + 119*o - 11. Give z(-12).
50
Let y(o) = -5*o**2 - 69*o - 247. Let w be y(-6). Let m(s) = 14*s**2 + 13*s - 18 - 2*s**3 + 3*s**3 + 0*s**3. Calculate m(w).
-18
Let y(s) = -514*s + s**3 - 504*s + 1019*s - 2*s**2 - 102 + 3*s**2. Determine y(0).
-102
Let z(g) = -g**3 + 9*g**2 - 7*g + 8. Let y be ((-68)/(-204))/((0 - -1)/15). Calculate z(y).
73
Let o be 2/(-1) - (13 - -23)/(-6). Let p(u) be the third derivative of -15*u**2 - 1/3*u**3 + 1/15*u**5 + 0 + 0*u + 1/60*u**6 + 1/12*u**o. What is p(-2)?
-6
Suppose 63*c + 70 = -i + 58*c, 4*c + 98 = -2*i. Let t(b) = 4*b + 145. Calculate t(i).
5
Let h(i) = -3*i**3 - i**2 - i + 1. Let w(t) = 3*t**2 + 5*t + 2. Let s be w(-2). Suppose s = q + 2. Suppose 4*z - q = 2, 4*z = -3*c + 7. Calculate h(c).
-4
Let w(f) = f**3 - 7*f**2 - 7*f - 3. Let p be w(8). Let h = 67 + 312. Let k(d) = -p*d**2 + 1 - h*d**3 + 380*d**3 - d**2 + 5*d. Give k(4).
-11
Let a(d) = -d**3 - 7*d**2 - 6*d - 13. Suppose -5*h = 8*h - 78. Let v be 3/((-6)/h) - 3. Calculate a(v).
-13
Let o be 9/((-27)/9) - -8. Let w be (-60)/40*o/((-30)/(-4)). Let q(v) = 11*v**2 + v. What is q(w)?
10
Suppose 4*x - 21*w + 25*w + 60 = 0, 0 = 6*x + 5*w + 93. Let r(a) = a**3 + 15*a**2 - 57*a - 41. Give r(x).
13
Let t(p) be the second derivative of -p + 1/6*p**3 + 10 - 13/2*p**2. Determine t(11).
-2
Let f(c) be the first derivative of -c**3/3 + 5*c**2 + 128*c - 71. Let u be f(17). Let w(b) = b**3 - 10*b**2 + 13*b - 8. Give w(u).
28
Let k(r) = 4*r - 5. Let j be k(2). Let b(z) = -z + 3. Let m be b(j). Let n(u) = -20*u - 51. Let q(y) = -7*y - 17. Let w(h) = 6*n(h) - 17*q(h). What is w(m)?
-17
Suppose -24*r + 22*r + 4*c = 24, -5*r + 3*c = 39. Let d(o) = 2*o**3 + 9*o**2 - 10*o + 9. Determine d(r).
-39
Let f(d) be the first derivative of 1/3*d**3 - 2*d**2 + d + 2. Let t(i) = i**2 + 13*i - 193. Let c be t(-22). Give f(c).
6
Suppose -5*o + 0*o + 15 = 0. Suppose y - 3 = o. Let s(w) be the second derivative of -w**4/12 + 4*w**3/3 - 5*w**2/2 + 442083*w. What is s(y)?
7
Let i = -639 - -641. Let b(h) = 5*h + 2*h**2 + h - 1 + 5 + 0*h**2 - 3*h**i. Give b(6).
4
Suppose -i + 8*c = 10*c + 6, -5*i = 3*c + 30. Let n(o) = 7*o + 60. Calculate n(i).
18
Let w(v) be the first derivative of v**5/60 + v**4/8 + 46*v**3 - 192. Let j(n) be the third derivative of w(n). Calculate j(-5).
-7
Suppose 3*a = -124 + 148. Let g(z) be the second derivative of z**4/12 - z**3 - 9*z**2 - 153*z. Give g(a).
-2
Let o = 36 - 26. Let a(v) = -3*v**2 + 69*v - 31. Let q(n) = -n**2 + 26*n - 15. Let c(j) = -2*a(j) + 5*q(j). What is c(o)?
7
Let l = -11 + 7. Let c(z) be the first derivative of 1/2*z**2 - 20 - 3*z. Give c(l).
-7
Suppose -15*v + 5*v = -230. Suppose v*q = 20*q + 3. Let m(s) = s**3 - s**2 + s. Calculate m(q).
